)). Let m = 27 - u. What is the tens digit of p(m)?
3
Suppose 0 = v - 5*z - 2, -5*z + 3 = -5*v - 7. Suppose 0 = 5*g + f - 86, 0 = -g + f + 16 + 6. Let o = g + v. What is the units digit of o?
5
Let g(l) = l + 7. Let o be g(13). Suppose -5*w + 0 = o. What is the units digit of (-48)/w - 4 - -4?
2
Let q be (-5)/(-3) - 1/(-3). Suppose -5*f + 29 + 11 = 5*z, -q*f = -4*z + 32. What is the tens digit of (-2)/8 - (-386)/z?
4
Let t = 58 - 56. Suppose -2 = -y, t*c + 0*y + 4*y = 56. What is the tens digit of c?
2
Let q be 10820/50 + (-2)/5. Suppose 0 = -2*h + 5*h - q. What is the units digit of h?
2
What is the units digit of (-9)/((-63)/3794) + 0 + 1?
3
Suppose 2*p - 7*p - 505 = 0. Let l = p - -190. What is the units digit of l?
9
Let c = 96 + -56. Suppose 0 = -b + 3*b - c. What is the units digit of b?
0
What is the units digit of -4 - -4 - (9 + -154)?
5
Let q = 22 + -26. Let n be 3 - (-12)/16*q. Suppose 3*t = -5*b + 3*b + 36, -5*b - 15 = n. What is the units digit of t?
4
Suppose 5*i + 17*i = 11528. What is the tens digit of i?
2
Let i(y) = -y**2 + 6*y + 17. Let p be i(7). Suppose -z = 14 - p. What is the units digit of (-1)/(z + 3/1)?
1
Suppose -5*o - 3*w + 20 = w, 5*o + 3*w = 25. Let x(g) = g**3 - 8*g**2 - 3*g - 13. Let h be x(o). What is the units digit of (h/(-1))/1 + 0?
7
What is the hundreds digit of 36/(-45) + (-517482)/(-90)?
7
Suppose 2*m = -3*l + 38, -3*l - m = -35 + 1. Suppose l*w = 6*w - 72. What is the units digit of w/((-5)/2 + 1)?
2
Suppose -f = 5*l - 2438, 0*l = -3*l - 3*f + 1470. What is the tens digit of l?
8
Suppose -3*q + h + 103 = -0*h, 2*q - 52 = 4*h. What is the units digit of q?
6
Let b(x) = -x**3 - x**2 + 88. Let h(k) = k**3 + 2*k**2 + 2*k. Let n be h(0). What is the units digit of b(n)?
8
Let k = 34 - -31. Let v = k + -45. What is the units digit of v?
0
Suppose 0 = d + 1, 2*a + d - 1319 = -2*a. What is the tens digit of a?
3
Let f = -20 + 27. Let b = f - -9. Let x = 24 - b. What is the units digit of x?
8
Let i(v) = 3*v + 27. Let o be i(16). Suppose -8*u + o + 533 = 0. What is the units digit of u?
6
Suppose -4*w - m = -20, 5*m = -3*w - 2*w + 25. Let d(g) = 4*g**2 + 24*g + 4. Let h be d(-6). Suppose -h*k = -w*k + 58. What is the units digit of k?
8
Let f(s) = -5*s + 16. Let h be f(2). Suppose 4*l - h*p - 99 = -9*p, 5*p = 25. What is the tens digit of l?
2
Suppose 12 = -2*b + 36. Let m = -10 + b. Suppose 20 = -5*n, -4*r - 4*n = -m*r - 34. What is the tens digit of r?
2
Let w(j) = 6*j**3 + 3 - 7*j**3 - 12*j**2 + 0*j**3 - j. What is the units digit of w(-12)?
5
Let m = 79 + -94. Let p(z) = z**2 + 7*z - 21. What is the tens digit of p(m)?
9
Let k(o) = -6*o - 17. Let x be k(-13). Suppose 3*r = 4*p + 2, -6 = 4*p - 0*r - r. Let a = p + x. What is the tens digit of a?
5
Let z(d) = d**3 + 4*d**2 - 6*d + 4. Let n = -28 - -27. Let k be 15/(-6)*(-2)/n. What is the units digit of z(k)?
9
Let i(j) = 3*j**2 + 52*j + 86. What is the units digit of i(-29)?
1
Let f(v) = 25*v**3 + 9*v - 4. What is the units digit of f(3)?
8
Suppose 4*o = 2*o - 60. Let j be 20/o + (-80)/(-3). Let v = j + -10. What is the tens digit of v?
1
Suppose 13186 = 8*d + 4490. What is the units digit of d?
7
What is the units digit of (-9)/(117/(-26429)) + (4 - 2)?
5
Let m be (1/2)/((-9)/18). Let h(w) = -39*w**3 + w**2 - 2*w - 2. Let o(k) = k**3 - k - 1. Let t(n) = h(n) - 2*o(n). What is the units digit of t(m)?
2
Let u(y) = y**2 - 32*y + 79. Let h(q) = q + 1. Let p(w) = 5*h(w) + u(w). What is the units digit of p(24)?
2
Let g = 47 + -45. What is the units digit of g/(-4)*815/10*-4?
3
Let z(h) = h**2 - 8*h - 3. Let p be 2/(-4)*(-1 + -15). Let l be z(p). What is the units digit of l + 3/((-6)/(-44))?
9
Suppose 0 = 5*k + 2*y - 4271, 5*y - 909 = -3*k + 1665. What is the units digit of k?
3
Let f = -1597 + 2808. What is the units digit of f?
1
Let b = -281 + 375. What is the tens digit of b?
9
Suppose -y = -4*y - 4*c + 99, 165 = 5*y + 3*c. Suppose 0 = -3*t - 3 + y. What is the tens digit of t?
1
What is the hundreds digit of (-46389)/(-231) - (-2)/11?
2
Let k be 1/(-6) - (-186)/36. Suppose -5*y = -1 - 24, -5*s - k*y = -35. Suppose -s*h - j = 2*h - 112, -2*j = -h + 28. What is the tens digit of h?
2
Suppose 277 = x + 4*c, -129 + 669 = 2*x + c. What is the units digit of x?
9
What is the hundreds digit of (1399 - -9) + 4*(-3)/3?
4
Suppose 5 - 5 = 2*m. Suppose m = 7*g - 4*g - 903. What is the units digit of g?
1
Suppose 5555 = 422*i - 417*i. What is the tens digit of i?
1
Let t(a) = 2*a**2 + 2*a - 1. Let u be t(-2). Suppose -u = -j - 0*j. Suppose 5*z + 131 = j*l - 39, -3*z - 223 = -4*l. What is the units digit of l?
5
Let x = 6 + -1. Suppose 0 = -5*m - 5*s + 768 - 43, 727 = x*m + 3*s. What is the units digit of m?
6
Let j = 23 - 32. Suppose l - 2 - 13 = 0. Let c = j + l. What is the units digit of c?
6
Suppose 5*p = 2293 + 957. What is the tens digit of p?
5
Let o(d) = -d**3 + 9*d**2 + 28*d - 12. Let y be o(11). Let z = 278 - y. What is the tens digit of z?
2
Let p be (-2)/(-4) + 6/4. Suppose 72 = 2*w + p*w. What is the tens digit of w?
1
Suppose -4*r = -4*s + 348, -2*s + 5*r + 179 = -1. Suppose -130 = 6*u + 170. Let b = s + u. What is the units digit of b?
5
Suppose -4*c - 2*x = 1452, x = 4*x - 6. Let h = -211 - c. What is the tens digit of h?
5
Let u(r) = -5*r - 4 + 2*r + 0 + 4*r. Let i be u(4). Suppose -8*f + 4*f + 112 = i. What is the tens digit of f?
2
What is the tens digit of (627/22)/(4/248)?
6
Suppose 7*h = 601 + 13427. What is the thousands digit of h?
2
Suppose -3*w = 3*j - 2*j + 2, 0 = -3*j - 2*w + 1. Let m be (0/(-1))/j + -73. Let a = m - -128. What is the tens digit of a?
5
Suppose 0 = 166*r - 176*r + 23360. What is the tens digit of r?
3
Suppose 1216 = 9*p + 100. Suppose 3*r = 2*r + p. What is the tens digit of r?
2
Let o(s) = -8*s**3 - s**2 + 3*s + 2. Let a be o(-2). Suppose -4*k + 20 + a = 0. Suppose -k = -2*m + 13. What is the tens digit of m?
1
Let s(v) = 6*v + 71. Let b be s(-11). Suppose 0 = 3*h - b*j - 82, -2*h + 61 = 2*h + 3*j. What is the tens digit of h?
1
Suppose -a = -1 + 3. Let t = 56 + -36. Let l = t + a. What is the tens digit of l?
1
Suppose 62*z = -19*z + 53055. What is the tens digit of z?
5
Let m(u) = 5*u**2 - 7*u + 18. Let o = 85 - 90. What is the hundreds digit of m(o)?
1
What is the hundreds digit of -3 + 0 - (-21)/(147/3836)?
5
Let b(y) be the second derivative of y**3/6 - y**2 + 5*y. Let j be b(6). Suppose 5*o = -2*g + 58 + 56, 3*g - 94 = -j*o. What is the units digit of o?
2
Suppose 0 = -3*w - 4*t + 308, -4*w + 4*t + 556 = w. What is the tens digit of w?
0
Let m be (-2)/(-6) - 539/(-21). Let d = m + -6. What is the units digit of d?
0
Let a = -1 + 17. Let n be 16/6 + a/12. What is the units digit of 2 + (n - 0 - 0)?
6
Let x = -172 - -364. Let c = x + 39. What is the units digit of c?
1
Let u = -427 - -609. What is the units digit of u?
2
Suppose 367 + 101 = h. What is the tens digit of h?
6
Suppose -1590 = 14*b - 19*b. What is the hundreds digit of b?
3
Let m(l) = -l**3 + 5*l**2 + 5. Suppose -5*q + 3*b = -37, 0*q - 3*q - 3*b + 3 = 0. Let s be m(q). Suppose d = s*d - 24. What is the units digit of d?
6
Let n(k) = -384*k**3 + 3*k**2 + 23*k + 40. What is the tens digit of n(-2)?
7
Suppose -11*k + 4*k = -3087. What is the tens digit of k?
4
Suppose 0 = -w - 2*w + 6. Suppose 2*i = 8 + w. Suppose i*q = 121 + 59. What is the units digit of q?
6
Let k(z) = 19*z**2 + 2*z. Let c(i) = -28*i**2 - 3*i. Let u(w) = -5*c(w) - 7*k(w). Let a be u(1). Suppose 5*d = 62 + a. What is the tens digit of d?
1
Let x(u) = 21*u - 9. Let s(a) = -a. Let g(j) = -4*s(j) + x(j). What is the hundreds digit of g(5)?
1
Suppose -k + 3*s = -0*k + 3, -3*s = -5*k + 21. Suppose 18 + k = -4*v. What is the units digit of (0 - (3 + v)) + 1?
4
Suppose 3*i = -5*l + 10632 - 3414, 4*i = 2*l - 2908. What is the hundreds digit of l?
4
What is the thousands digit of (-5 - 1)/(6/(-5212))?
5
Suppose -x + 2*x - 5 = 0. Suppose -6*l + 4*l + 13 = x*q, 5*q + 3 = 2*l. What is the units digit of q?
1
Let p = -11 + 15. Suppose 4 = q + 3*b, p*q + 1 = 3*b + 2. Let u = q - -3. What is the units digit of u?
4
Suppose t = -4*t - 5. Let s be 11/(-22)*0/t. Suppose 2*v - 27 = -s*l + 5*l, -3*v + 33 = -5*l. What is the units digit of v?
6
Let d(i) = -i - 6. Let r be d(-9). Suppose 3*c - 2*s = -2*c + 99,